1 - 3 - (1 - 2).
-3
Evaluate -3 + (-6 - (-9 - -3)).
-3
What is the value of -9 + 8 + -3 + 0 + 1?
-3
Evaluate 4 - (-10 + (5 - -4)).
5
Evaluate 0 + (5 + 1 - 5 - -3).
4
What is 7 - 5 - (3 + -2 + 4)?
-3
(2 - (0 + 0)) + 2
4
Calculate (-10 - -20) + -10 + -1 + 4.
3
What is the value of -6 - (-6 - (-14 + 5) - 4)?
-5
What is -36 + 38 + (1 - 4) - 6?
-7
(-32 - -27) + (3 + -2 - -2)
-2
What is the value of 4 + (-1 + -1 - 3)?
-1
Evaluate 27 - 37 - (0 + -9).
-1
What is (-136 - -152) + 0 + -6?
10
What is -1 - (0 + -6 + 5 - 6)?
6
Calculate 5 + (-9 - 6) + 4.
-6
Evaluate 7 - (9 - (6 + -4)).
0
-2 - -2 - -3 - -2
5
What is the value of 3 - -1 - ((2 - 5) + 4)?
3
What is the value of (2 - 3 - (0 - -1)) + 1?
-1
What is (0 - (0 - -3)) + (3 - 3)?
-3
1 - (0 + (-5 - -5))
1
What is the value of 6 - (0 + 3) - (1 - 0)?
2
(0 - (-2 + 4 + -2)) + 7
7
Calculate (2 - (-4 - (1 - 4))) + -2.
1
What is the value of 1 + -3 + 1 + 0 + 2?
1
(-68 - -70) + (1 - 1 - -1)
3
What is the value of -3 + -2 + 0 + 3?
-2
What is the value of -3 + 2 + (6 - -1)?
6
What is -4 - (1 + -2) - (1 + 0)?
-4
What is (-9 - (1 - 5)) + 9?
4
What is 2 + -7 + 10 - 0?
5
What is the value of -1 + -3 - (-14 + 7 + 8)?
-5
What is -2 - ((-6 - 2) + 6 - 2)?
2
What is 1 - ((5 - (1 + -1)) + -2)?
-2
What is 57 - 49 - (4 - -1)?
3
Calculate -2 + ((3 - 3) + 2 - 4).
-4
62 - 67 - (0 - (11 + 2))
8
What is 5 - (13 + 3 + 0 + -5)?
-6
3 - 0 - (3 - 6)
6
What is the value of 3 + -6 + -2 + 6?
1
(-8 - 3 - -16) + -9
-4
Evaluate (1 - (-16 + 12)) + -5.
0
Evaluate 3 - (0 - -7) - (0 - 3).
-1
Calculate -10 + -2 + (19 - 8).
-1
Calculate (3 - 2) + -6 + -5 + 15.
5
-3 + -9 + 21 - 7
2
-1 + (-3 - -3 - -3)
2
What is the value of (-2 - (2 + 0)) + 1 + -2?
-5
Calculate (-12 - -2) + 3 - -4 - -4.
1
-4 - (2 + -11 + 4)
1
-2 + 0 - (-2 - 2)
2
What is 8 - (17 - 9) - 4?
-4
(-3 - 1) + 8 + -8 - -6
2
Evaluate (8 - 5) + 0 + (-2 - -1).
2
What is 2 + 3 + -5 + 6?
6
What is (-3 - -4) + 3 + -1 + 1?
4
What is -9 + (5 - 0) - -1?
-3
What is 4 - (1 - (-4 - (2 - 8)))?
5
Evaluate -8 - -1 - (16 + -24).
1
0 - ((2 - 0 - 1) + 3)
-4
What is (-1 - (-5 - (4 + -5))) + -5?
-2
Calculate 8 + -13 + 7 + -4.
-2
(-2 - 2) + 0 + 3 + -3
-4
What is (6 - 1) + (-8 - -2) + -1?
-2
(0 - (-2 + 1)) + (-14 - -8)
-5
What is -4 + (-1 - (-11 - -5)) + 6?
7
What is -3 + (-2 - -3) + 2?
0
What is -2 + (-3 - (-1 + 3)) + 2?
-5
What is -5 - (-12 + (-1 + 5 - 1))?
4
What is 17 + -16 + 1 + 0?
2
-1 + 2 - (28 - 32)
5
Evaluate (6 - -1 - 6) + 0 + 1.
2
Calculate 1 + (-3 - 1) + (4 - 0).
1
What is 6 + -8 - (1 + 0)?
-3
What is the value of 169 + -178 - (-6 - 0)?
-3
Calculate 1 - (6 + (-16 - -9)).
2
(12 - (5 + 0)) + -4 - 7
-4
Calculate 12 - (-3 - -7 - -2).
6
What is the value of (1 - 3) + (5 - 20 - -18)?
1
Evaluate -5 + 9 - 0 - -2 - 3.
3
What is the value of (2 + -1 - 0) + (-13 - -8)?
-4
Calculate -4 + -2 + (13 - 2) + 0.
5
What is the value of 12 + (2 - 14) - (1 - 9)?
8
Evaluate 2 - -1 - (-4 + -8 + 13).
2
What is 2 + 9 + -1 + -17?
-7
Evaluate -34 + 31 - (-5 - 1).
3
What is (-41 - -55) + -12 + 1?
3
What is the value of -6 - (6 + -6) - -1?
-5
What is -4 + -5 + (8 - -1)?
0
Evaluate 1 - (2 + -4 - -1).
2
What is the value of -3 + (-2 + 8 + -3 - 4)?
-4
(1 - (8 - 7)) + -3
-3
What is the value of (-3 - 2) + (-1 - (-3 - 8))?
5
Calculate 70 + -74 - (-1 - 0).
-3
-9 + (-3 - (-17 + 3))
2
Evaluate 2 + (2 - 1) - (10 - 2).
-5
Calculate -17 + 9 + 20 + (0 - 3).
9
What is -8 + (-1 + 3 - (-42 + 41))?
-5
Evaluate 1 - (-5 + (-3 - -4) + 1).
4
Calculate 7 - ((0 - -2) + 24 + -22).
3
Calculate (5 - 1) + -5 + -7.
-8
Evaluate 10 + (7 - 14 - -2).
5
What is (-1 - -3 - (-1 - 0)) + 2?
5
What is the value of -8 - (9 - (-2 + 26))?
7
Calculate 1 + (-3 + -1 - -10) + -3.
4
What is -1 + 7 - (-2 - 2 - -7)?
3
(-5 - 4 - -6) + 2 + 6
5
What is 4 + (-4 - (-1 + -2)) + 1?
4
4 + (8 + -19 - -5)
-2
Calculate 0 - -3 - (4 - (0 - -1)).
0
What is (4 + (-3 - 2) - 1) + 1?
-1
Calculate -1 - -3 - (-5 + 10 + -2).
-1
1 + 2 + (0 - 0)
3
What is the value of 0 + 0 + (9 + -6 - 5)?
-2
What is the value of -4 - (3 - ((0 - -2) + 4))?
-1
Evaluate -8 + -4 + 2 + 11.
1
2 - -2 - (6 + -18 + 23)
-7
What is the value of (16 - 8 - -2) + -10?
0
What is the value of (-6 - (-2 + 7)) + 1?
-10
Calculate 6 - (-3 + -3 + 10).
2
Evaluate 15 - 9 - -2 - (6 + 0).
2
What is the value of (-18 - -27) + -22 - (1 + -7)?
-7
1 + (0 - -1 - (-7 - -11))
-2
Calculate -5 + 2 + 1 + (-2 - 1).
-5
Calculate -6 + (5 + -2 - (-16 - -15)).
-2
What is -4 - (0 - -2 - 1)?
-5
Calculate (4 + 3 + -4 - 2) + -5.
-4
What is -8 + (-5 - -21) + 0?
8
What is the value of 6 - (-2 - (-4 - (-1 + 1)))?
4
Evaluate 0 + (-6 - -3 - (1 + 2)).
-6
What is the value of (10 - (0 - 3)) + -10?
3
16 - 13 - (0 + -1 + 6)
-2
3 + -5 + 5 - 0
3
Evaluate 1 - -6 - (85 - 86).
8
(-5 + 0 - (34 + -31)) + 5
-3
Calculate 4 + (-2 - 1) - (-2 + 0).
3
-4 + 7 + 11 - 5
9
Evaluate 186 - 182 - (0 + (-1 - -1)).
4
What is -1 + 3 + -5 - -7?
4
What is the value of 3 + -1 - (-3 - (3 - 10))?
-2
5 + 1 + 0 - 11
-5
Calculate -7 - ((2 - -1) + (-5 - 1)).
-4
Evaluate -5 + 6 + -1 + 1 + 0.
1
What is -2 - (3 + 4 - 4)?
-5
Evaluate (-3 - (-2 - (-6 + 4))) + 4.
1
Evaluate -9 - (-2 - -8 - 13).
-2
0 + (7 - 5) - 2
0
6 + -2 + -6 + 8
6
Calculate 0 + (5 - 14) + 15.
6
Evaluate 0 - 8 - (2 + -6).
-4
Calculate 0 + 4 + -1 + 1 + 1.
5
(1 - 7 - -6) + (-1 - -3)
2
Evaluate -9 + (-6 - (-7 + -5)).
-3
Calculate 1 + -6 + (10 - 2) + -5.
-2
What is 2 + -9 - ((4 - 3) + -4)?
-4
What is the value of -2 + -2 - (-6 - -4)?
-2
What is the value of 11 - (-1 - (-18 - -3))?
-3
Calculate -5 + 1 + -8 + 17 + -1.
4
What is -1 - (-4 + 11 + (2 - 8))?
-2
What is the value of 2 + (4 - (3 - -1))?
2
(-2 - (-4 - -7)) + 3
-2
Evaluate -4 + (0 - (-8 + 2)) - 5.
-3
Calculate 6 + 0 + -1 + -3.
2
What is (4 - 1) + (-2 - 0 - -4)?
5
Evaluate -12 + -3 + -2 + 9.
-8
What is the value of 1 - 8 - ((-1 - 9) + 6)?
-3
Evaluate -5 - ((0 - 5) + 1 + -1).
0
Calculate 0 + 3 + -1 - 1 - -1.
2
What is the value of 5 - (11 + (2 - 7))?
-1
What is (-5 - (4 - 9)) + -5?
-5
What is the value of (-2 + 0 - (0 + -1)) + -1?
-2
What is the value of (6 - 2) + -25 + 13?
-8
What is -3 + 0 - (-33 + 26)?
4
What is the value of -5 - (-5 + -9 + 4)?
5
Calculate 4 + 0 - (0 + 1).
3
Calculate -2 + 3 + -1 + (-2 - 0).
-2
Evaluate 3 - (4 - 2) - (-1 - -4).
-2
Evaluate -20 + 17 + 3 + 2.
2
Calculate (-16 - (-5 + -1)) + 2.
-8
Calculate (5 - (1 + 1)) + -2.
1
What is -3 + 3 + 4 + -1 - 7?
-4
What is 4 + -3 + -3 + -1?
-3
What is the value of -16 + 18 + (-6 - -1) - -5?
2
What is the value of -10 + 5 + -1 + (3 - -1)?
-2
Evaluate -4 - (2 + -4) - (7 - 7).
-2
What is (3 - (14 - 9)) + (-1 - -8)?
5
What is the value of 1 + (-4 - (3 - 1))?
-5
Evaluate -3 + 14 + (-12 - -9).
8
6 - (3 - -4) - 6 - -6
-1
What is -8 + -4 - (13 - 20)?
-5
What is -2 + 7 - (2 - 0 - 3)?
6
Calculate (1 + -3 + 7 - 4) + 0.
1
What is the value of 18 + -17 - (-5 + 1)?
5
What is -1 + (-1 - 1) + -1?
-4
Calculate -8 + (5 - -1 - -10).
8
What is -5 + (-3 + -4 - -17)?
5
What is -5 - (-4 + 4) - -9?
4
What is the value of 3 + (-3 + (-2 - -6) - 1)?
3
What is -4 + (8 - 13 - -5)?
-4
What is 0 - 0 - (2 + -4)?
2
Calculate -18 + (-10 + 5 - -16).
-7
Evaluate 4 - (2 + 0 + 2 + 0).
0
Evaluate (-4 + 1 + 0 - -6) + -10.
-7
What is -12 + 6 - (-1 - 9)?
4
-12 + 5 + 5 - (5 + 0)
-7
What is 3 - 0 - (2 - -5 - 3)?
-1
5 - 8 - (-2 + -4 + 5)
-2
What is the value of (-1 + 8 - 5) + 0?
2
Evaluate -3 - (-7 + (18 - 9)).
-5
17 + -17 + (-3 - -3 - -5)
5
What is 10 - (-10 + 8 + (0 - -6))?
6
What is -5 - (4 - (10 + -5 + 1))?
-3
-31 + 22 - (-9 + 0)
0
What is the value of -1 + -3 + (5 - 5) + 6?
2
Calculate 67 - 78 - (2 - 6).
-7
Calculate -2 + -3 + (1 - (3 - 4)).
-3
3 + -5 + -5 - (4 - 6)
-5
2 + 0 + 2 - (-6 + 3)
7
Calculate -15 + 10 + 2 + (1 - 0).
-2
Evaluate -1 + -3 - (-9 - -6).
-1
Evaluate 5 - ((5 - 1) + (1 - -2)).
-2
Calculate -3 - -3 - (3 - 0) - 3.
-6
Evaluate 7 - ((-8 - -11) + 1).
3
2 + 0 + 0 + -5
-3
What is the value of 0 + 1 + 93 + -89?
5
What is -2 + (4 - (10 - 6 - -2))?
-4
Calculate -5 + 2 + 0 + -5 + 9.
1
What is the value of 3 - (-1 - (6 - 7 - -6))?
9
-8 + 14 + -8 - (-1 - 0)
-1
Calculate 3 - (0 - -1) - 5 - 1.
-4
Evaluate (-11 - -7) + (6 - 0).
2
(159 - 166) + (2 - 1) + 0
-6
5 + -1 + 2 + -5
1
Evaluate (0 - 2) + 3 + -22 + 23.
2
Evaluate (-4 - (-2 + 0)) + -2.
-4
What is the value of 30 - 31 - ((-1 - -3) + 0)?
-3
What is 0 + -1 + -5 + 10 + -6?
-2
What is the value of -6 + -1